{"id":344,"date":"2020-10-20T12:19:56","date_gmt":"2020-10-20T10:19:56","guid":{"rendered":"https:\/\/meyer-autohaus.de\/\/index.php\/impressum\/"},"modified":"2025-09-01T13:57:35","modified_gmt":"2025-09-01T11:57:35","slug":"impressum","status":"publish","type":"page","link":"https:\/\/meyer-autohaus.de\/index.php\/impressum\/","title":{"rendered":"Impressum"},"content":{"rendered":"\t\t<div data-elementor-type=\"wp-page\" data-elementor-id=\"344\" class=\"elementor elementor-344\" data-elementor-post-type=\"page\">\n\t\t\t\t\t\t<section class=\"elementor-section elementor-top-section elementor-element elementor-element-6754f7ac elementor-section-boxed elementor-section-height-default elementor-section-height-default\" data-id=\"6754f7ac\" data-element_type=\"section\">\n\t\t\t\t\t\t<div class=\"elementor-container elementor-column-gap-default\">\n\t\t\t\t\t<div class=\"elementor-column elementor-col-100 elementor-top-column elementor-element elementor-element-13d08348\" data-id=\"13d08348\" data-element_type=\"column\">\n\t\t\t<div class=\"elementor-widget-wrap elementor-element-populated\">\n\t\t\t\t\t\t<div class=\"elementor-element elementor-element-5890186 elementor-widget elementor-widget-text-editor\" data-id=\"5890186\" data-element_type=\"widget\" data-widget_type=\"text-editor.default\">\n\t\t\t\t<div class=\"elementor-widget-container\">\n\t\t\t\t\t\t\t\t\t\n<p>Name und Anschrift: Autohaus Meyer\u00a0<br \/>Gronauer Hof 4, 48527 Nordhorn<br \/>Telefon: +49(0)5921 &#8211; 4050<br \/>Fax: +49(0)5921 &#8211; 89146\u00a0<br \/>E-Mail:\u00a0<a href=\"mailto:meyer@meyer-autohaus.de\">meyer@meyer-autohaus.de<\/a><br \/>Inhaber: Salar Othman\u00a0<br \/>Firmensitz\/ Registergericht: Nordhorn, Amtsgericht Osnabr\u00fcck,<br \/>Registernummer: HRA 130279<br \/>Umsatzsteuer-Identifikationsnummer: DE 117 020 613<br \/>Inhaltlich verantwortlich: Salar Othman<\/p>\n<p>Versicherungsvertreter mit Erlaubnis nach \u00a734 d Abs. 1GewO,Bundesrepublik Deutschland<br \/>Versicherungsvermittlungsregisternr.: D-7269-0LMQN-39<br \/>Versicherungsvermittlerregister (Gemeinsame Registerstelle gem. \u00a711a Abs.1 GewO) Deutscher Industrie- und Handelskammertag (DIHK) e.V., Breite Str. 29, 10178 Berlin e-mail:\u00a0<a href=\"http:\/\/www.vermittlerregister.info\/\">www.vermittlerregister.info<\/a><\/p>\n<p>Zust\u00e4ndige Erlaubnis- und Aufsichtsbeh\u00f6rde: Industrie- und Handelskammer zu Osnabr\u00fcck-Emsland, Neuer Graben 38, 49074 Osnabr\u00fcck, Tel 0541-353-511, Fax 0541-353-512, e-mail\u00a0<a href=\"mailto:zentrale.dienste@osnbrueck.ihk.de\">zentrale.dienste@osnbrueck.ihk.de<\/a><\/p>\n<p>Mitglied der IHK Osnabr\u00fcck-Emsland (Anschrift wie oben)<\/p>\n<p>Berufsrechtliche Regelung: \u00a7 34 d GewO, \u00a7\u00a759-68 Versicherungsvertragsgesetz (VVG), Versicherungsvermittlerverordnung (VersVermV). Die berufsrechtlichen Regelungen sind \u00fcber die vom Bundesminister der Justiz und von der Juris GmbH betriebene Homepage\u00a0<a href=\"http:\/\/www.gesetze-im-internet.de\/\">www.gesetze-im-internet.de<\/a>\u00a0einsehbar und abrufbar.<\/p>\n<p>Schlichtungsstelle: Versicherungsombudsmann e.V., Leipziger Str. 121, 10117 Berlin, Tel 0800-3696000 oder 030-2060580,\u00a0<a href=\"http:\/\/www.versicherungsombudsmann.de\/\">www.versicherungsombudsmann.de<\/a><\/p>\n\n<p><b>Hinweis gem\u00e4\u00df \u00a7 36 Verbraucherstreitbeilegungsgesetz (VSBG)\u00a0<br \/><\/b>Wir (Autohaus Meyer) werden nicht an einem Streitbeilegungsverfahren vor einer Verbraucherschlichtungsstelle im Sinne des VSBG teilnehmen und sind hierzu auch nicht verpflichtet.<a><br \/><\/a><br \/>Weitere Angaben zum Impressum:<br \/>Schlichtungsstelle des Kfz.-Handwerks Emsland<br \/>Borkumer Strasse 20 &#8211; 24<br \/>26871 Papenburg<br \/>Telefon:\u00a0<span class=\"skype_pnh_print_container_1400680763\">04961-83930<\/span><span class=\"skype_pnh_container\" dir=\"ltr\">\u00a0<\/span><br \/>Fax: 04961-839320<br \/>E-Mail: kh@handwerk-papenburg.de<\/p>\n\t\t\t\t\t\t\t\t<\/div>\n\t\t\t\t<\/div>\n\t\t\t\t\t<\/div>\n\t\t<\/div>\n\t\t\t\t\t<\/div>\n\t\t<\/section>\n\t\t\t\t<\/div>\n\t\t","protected":false},"excerpt":{"rendered":"<p>Name und Anschrift: Autohaus Meyer\u00a0Gronauer Hof 4, 48527 NordhornTelefon: +49(0)5921 &#8211; 4050Fax: +49(0)5921 &#8211; 89146\u00a0E-Mail:\u00a0meyer@meyer-autohaus.deInhaber: Salar Othman\u00a0Firmensitz\/ Registergericht: Nordhorn, Amtsgericht Osnabr\u00fcck,Registernummer: HRA 130279Umsatzsteuer-Identifikationsnummer: DE 117 020 613Inhaltlich verantwortlich: Salar Othman Versicherungsvertreter mit Erlaubnis nach \u00a734 d Abs. 1GewO,Bundesrepublik DeutschlandVersicherungsvermittlungsregisternr.: D-7269-0LMQN-39Versicherungsvermittlerregister (Gemeinsame Registerstelle gem. \u00a711a Abs.1 GewO) Deutscher Industrie- und Handelskammertag (DIHK) e.V., Breite Str. 29, [&hellip;]<\/p>\n","protected":false},"author":1,"featured_media":0,"parent":0,"menu_order":0,"comment_status":"closed","ping_status":"closed","template":"","meta":{"site-sidebar-layout":"default","site-content-layout":"default","ast-site-content-layout":"default","site-content-style":"default","site-sidebar-style":"default","ast-global-header-display":"","ast-banner-title-visibility":"","ast-main-header-display":"","ast-hfb-above-header-display":"","ast-hfb-below-header-display":"","ast-hfb-mobile-header-display":"","site-post-title":"","ast-breadcrumbs-content":"","ast-featured-img":"","footer-sml-layout":"","ast-disable-related-posts":"","theme-transparent-header-meta":"default","adv-header-id-meta":"","stick-header-meta":"","header-above-stick-meta":"","header-main-stick-meta":"","header-below-stick-meta":"","astra-migrate-meta-layouts":"default","ast-page-background-enabled":"default","ast-page-background-meta":{"desktop":{"background-color":"","background-image":"","background-repeat":"repeat","background-position":"center center","background-size":"auto","background-attachment":"scroll","background-type":"","background-media":"","overlay-type":"","overlay-color":"","overlay-opacity":"","overlay-gradient":""},"tablet":{"background-color":"","background-image":"","background-repeat":"repeat","background-position":"center center","background-size":"auto","background-attachment":"scroll","background-type":"","background-media":"","overlay-type":"","overlay-color":"","overlay-opacity":"","overlay-gradient":""},"mobile":{"background-color":"","background-image":"","background-repeat":"repeat","background-position":"center center","background-size":"auto","background-attachment":"scroll","background-type":"","background-media":"","overlay-type":"","overlay-color":"","overlay-opacity":"","overlay-gradient":""}},"ast-content-background-meta":{"desktop":{"background-color":"var(--ast-global-color-5)","background-image":"","background-repeat":"repeat","background-position":"center center","background-size":"auto","background-attachment":"scroll","background-type":"","background-media":"","overlay-type":"","overlay-color":"","overlay-opacity":"","overlay-gradient":""},"tablet":{"background-color":"var(--ast-global-color-5)","background-image":"","background-repeat":"repeat","background-position":"center center","background-size":"auto","background-attachment":"scroll","background-type":"","background-media":"","overlay-type":"","overlay-color":"","overlay-opacity":"","overlay-gradient":""},"mobile":{"background-color":"var(--ast-global-color-5)","background-image":"","background-repeat":"repeat","background-position":"center center","background-size":"auto","background-attachment":"scroll","background-type":"","background-media":"","overlay-type":"","overlay-color":"","overlay-opacity":"","overlay-gradient":""}},"footnotes":""},"class_list":["post-344","page","type-page","status-publish","hentry"],"_links":{"self":[{"href":"https:\/\/meyer-autohaus.de\/index.php\/wp-json\/wp\/v2\/pages\/344","targetHints":{"allow":["GET"]}}],"collection":[{"href":"https:\/\/meyer-autohaus.de\/index.php\/wp-json\/wp\/v2\/pages"}],"about":[{"href":"https:\/\/meyer-autohaus.de\/index.php\/wp-json\/wp\/v2\/types\/page"}],"author":[{"embeddable":true,"href":"https:\/\/meyer-autohaus.de\/index.php\/wp-json\/wp\/v2\/users\/1"}],"replies":[{"embeddable":true,"href":"https:\/\/meyer-autohaus.de\/index.php\/wp-json\/wp\/v2\/comments?post=344"}],"version-history":[{"count":6,"href":"https:\/\/meyer-autohaus.de\/index.php\/wp-json\/wp\/v2\/pages\/344\/revisions"}],"predecessor-version":[{"id":1298,"href":"https:\/\/meyer-autohaus.de\/index.php\/wp-json\/wp\/v2\/pages\/344\/revisions\/1298"}],"wp:attachment":[{"href":"https:\/\/meyer-autohaus.de\/index.php\/wp-json\/wp\/v2\/media?parent=344"}],"curies":[{"name":"wp","href":"https:\/\/api.w.org\/{rel}","templated":true}]}}

<div data-elementor-type="wp-page" data-elementor-id="344" class="elementor elementor-344" data-elementor-post-type="page">
						<section class="elementor-section elementor-top-section elementor-element elementor-element-6754f7ac elementor-section-boxed elementor-section-height-default elementor-section-height-default" data-id="6754f7ac" data-element_type="section">
						<div class="elementor-container elementor-column-gap-default">
					<div class="elementor-column elementor-col-100 elementor-top-column elementor-element elementor-element-13d08348" data-id="13d08348" data-element_type="column">
			<div class="elementor-widget-wrap elementor-element-populated">
						<div class="elementor-element elementor-element-5890186 elementor-widget elementor-widget-text-editor" data-id="5890186" data-element_type="widget" data-widget_type="text-editor.default">
				<div class="elementor-widget-container">
									
<p>Name und Anschrift: Autohaus Meyer <br />Gronauer Hof 4, 48527 Nordhorn<br />Telefon: +49(0)5921 &#8211; 4050<br />Fax: +49(0)5921 &#8211; 89146 <br />E-Mail: <a href="mailto:meyer@meyer-autohaus.de">meyer@meyer-autohaus.de</a><br />Inhaber: Salar Othman <br />Firmensitz/ Registergericht: Nordhorn, Amtsgericht Osnabrück,<br />Registernummer: HRA 130279<br />Umsatzsteuer-Identifikationsnummer: DE 117 020 613<br />Inhaltlich verantwortlich: Salar Othman</p>
<p>Versicherungsvertreter mit Erlaubnis nach §34 d Abs. 1GewO,Bundesrepublik Deutschland<br />Versicherungsvermittlungsregisternr.: D-7269-0LMQN-39<br />Versicherungsvermittlerregister (Gemeinsame Registerstelle gem. §11a Abs.1 GewO) Deutscher Industrie- und Handelskammertag (DIHK) e.V., Breite Str. 29, 10178 Berlin e-mail: <a href="http://www.vermittlerregister.info/">www.vermittlerregister.info</a></p>
<p>Zuständige Erlaubnis- und Aufsichtsbehörde: Industrie- und Handelskammer zu Osnabrück-Emsland, Neuer Graben 38, 49074 Osnabrück, Tel 0541-353-511, Fax 0541-353-512, e-mail <a href="mailto:zentrale.dienste@osnbrueck.ihk.de">zentrale.dienste@osnbrueck.ihk.de</a></p>
<p>Mitglied der IHK Osnabrück-Emsland (Anschrift wie oben)</p>
<p>Berufsrechtliche Regelung: § 34 d GewO, §§59-68 Versicherungsvertragsgesetz (VVG), Versicherungsvermittlerverordnung (VersVermV). Die berufsrechtlichen Regelungen sind über die vom Bundesminister der Justiz und von der Juris GmbH betriebene Homepage <a href="http://www.gesetze-im-internet.de/">www.gesetze-im-internet.de</a> einsehbar und abrufbar.</p>
<p>Schlichtungsstelle: Versicherungsombudsmann e.V., Leipziger Str. 121, 10117 Berlin, Tel 0800-3696000 oder 030-2060580, <a href="http://www.versicherungsombudsmann.de/">www.versicherungsombudsmann.de</a></p>

<p><b>Hinweis gemäß § 36 Verbraucherstreitbeilegungsgesetz (VSBG) <br /></b>Wir (Autohaus Meyer) werden nicht an einem Streitbeilegungsverfahren vor einer Verbraucherschlichtungsstelle im Sinne des VSBG teilnehmen und sind hierzu auch nicht verpflichtet.<a><br /></a><br />Weitere Angaben zum Impressum:<br />Schlichtungsstelle des Kfz.-Handwerks Emsland<br />Borkumer Strasse 20 &#8211; 24<br />26871 Papenburg<br />Telefon: <span class="skype_pnh_print_container_1400680763">04961-83930</span><span class="skype_pnh_container" dir="ltr"> </span><br />Fax: 04961-839320<br />E-Mail: kh@handwerk-papenburg.de</p>
								</div>
				</div>
					</div>
		</div>
					</div>
		</section>
				</div>

<p>Name und Anschrift: Autohaus Meyer Gronauer Hof 4, 48527 NordhornTelefon: +49(0)5921 &#8211; 4050Fax: +49(0)5921 &#8211; 89146 E-Mail: meyer@meyer-autohaus.deInhaber: Salar Othman Firmensitz/ Registergericht: Nordhorn, Amtsgericht Osnabrück,Registernummer: HRA 130279Umsatzsteuer-Identifikationsnummer: DE 117 020 613Inhaltlich verantwortlich: Salar Othman Versicherungsvertreter mit Erlaubnis nach §34 d Abs. 1GewO,Bundesrepublik DeutschlandVersicherungsvermittlungsregisternr.: D-7269-0LMQN-39Versicherungsvermittlerregister (Gemeinsame Registerstelle gem. §11a Abs.1 GewO) Deutscher Industrie- und Handelskammertag (DIHK) e.V., Breite Str. 29, [&hellip;]</p>
